{"id":179,"date":"2024-09-11T18:31:10","date_gmt":"2024-09-11T16:31:10","guid":{"rendered":"http:\/\/adduvfh.cluster029.hosting.ovh.net\/?page_id=179"},"modified":"2024-09-12T16:11:07","modified_gmt":"2024-09-12T14:11:07","slug":"votre-hebergement","status":"publish","type":"page","link":"http:\/\/adduvfh.cluster029.hosting.ovh.net\/index.php\/votre-hebergement\/","title":{"rendered":"Votre h\u00e9bergement"},"content":{"rendered":"\n<p class=\"has-large-font-size\">Appartement T3 sur la plage de Caroual \u00e0 Erquy. Acc\u00e8s direct \u00e0 la plage et au GR 34<br>55 m\u00b2 en rez-de-jardin avec terrasse privative et parking r\u00e9serv\u00e9.<\/p>\n\n\n\n<div class=\"wp-block-columns is-layout-flex wp-container-core-columns-is-layout-9d6595d7 wp-block-columns-is-layout-flex\">\n<div class=\"wp-block-column is-layout-flow wp-block-column-is-layout-flow\" style=\"flex-basis:33.33%\">\n<p class=\"has-neve-link-hover-color-color has-text-color has-link-color has-medium-font-size wp-elements-68a61a31a33c705bc9ee5f01bf9d8b85\"><em><strong>Un vaste s\u00e9jour&nbsp;&nbsp;pour vous d\u00e9tendre&nbsp;apr\u00e8s&nbsp;les belles journ\u00e9es de \u00ab\u00a0plage\u00a0\u00bb,de p\u00eache\u00a0\u00bb,&nbsp;de \u00ab\u00a0randonn\u00e9e\u00a0\u00bb, de \u00ab\u00a0golf\u00a0\u00bb,de \u00ab\u00a0voile\u00a0\u00bb etc&#8230;. avec fauteuils, canap\u00e9, t\u00e9l\u00e9vision lecteur DVD, magazines et jeux de soci\u00e9t\u00e9s.&nbsp;<\/strong><\/em><\/p>\n\n\n\n<p class=\"has-neve-link-hover-color-color has-text-color has-link-color has-medium-font-size wp-elements-ee4c0bf70d87c945db7848048c253aa2\"><em><strong>A moins que vous restiez profiter des belles soir\u00e9es sur la terrasse face \u00e0 la mer.<\/strong><\/em><\/p>\n<\/div>\n\n\n\n<div class=\"wp-block-column is-layout-flow wp-block-column-is-layout-flow\" style=\"flex-basis:66.66%\"><div id=\"metaslider-id-185\" style=\"max-width: 700px;\" class=\"ml-slider-3-91-0 metaslider metaslider-flex metaslider-185 ml-slider ms-theme-default\" role=\"region\" aria-roledescription=\"Slideshow\" aria-label=\"New Slideshow\">\n    <div id=\"metaslider_container_185\">\n        <div id=\"metaslider_185\">\n            <ul class='slides'>\n                <li style=\"display: block; width: 100%;\" class=\"slide-195 ms-image \" aria-roledescription=\"slide\" aria-label=\"slide-195\"><img loading=\"lazy\" decoding=\"async\" src=\"http:\/\/adduvfh.cluster029.hosting.ovh.net\/wp-content\/uploads\/2024\/09\/4-700x500.jpg\" height=\"500\" width=\"700\" alt=\"\" class=\"slider-185 slide-195\" title=\"22-cotes-armor-erquy-gr34\" \/><\/li>\n                <li style=\"display: none; width: 100%;\" class=\"slide-199 ms-image \" aria-roledescription=\"slide\" aria-label=\"slide-199\"><img loading=\"lazy\" decoding=\"async\" src=\"http:\/\/adduvfh.cluster029.hosting.ovh.net\/wp-content\/uploads\/2024\/09\/8-1-700x500.jpg\" height=\"500\" width=\"700\" alt=\"\" class=\"slider-185 slide-199\" title=\"maison-bretagne-erquy-saison\" \/><\/li>\n                <li style=\"display: none; width: 100%;\" class=\"slide-198 ms-image \" aria-roledescription=\"slide\" aria-label=\"slide-198\"><img loading=\"lazy\" decoding=\"async\" src=\"http:\/\/adduvfh.cluster029.hosting.ovh.net\/wp-content\/uploads\/2024\/09\/7-700x500.jpg\" height=\"500\" width=\"700\" alt=\"\" class=\"slider-185 slide-198\" title=\"plage-mer-location-macareux\" \/><\/li>\n                <li style=\"display: none; width: 100%;\" class=\"slide-200 ms-image \" aria-roledescription=\"slide\" aria-label=\"slide-200\"><img loading=\"lazy\" decoding=\"async\" src=\"http:\/\/adduvfh.cluster029.hosting.ovh.net\/wp-content\/uploads\/2024\/09\/1-700x500.jpg\" height=\"500\" width=\"700\" alt=\"\" class=\"slider-185 slide-200\" title=\"cotes armor-location-caroual\" \/><\/li>\n                <li style=\"display: none; width: 100%;\" class=\"slide-197 ms-image \" aria-roledescription=\"slide\" aria-label=\"slide-197\"><img loading=\"lazy\" decoding=\"async\" src=\"http:\/\/adduvfh.cluster029.hosting.ovh.net\/wp-content\/uploads\/2024\/09\/6-700x500.jpg\" height=\"500\" width=\"700\" alt=\"\" class=\"slider-185 slide-197\" title=\"erquy-22-bretagne-gr34\" \/><\/li>\n                <li style=\"display: none; width: 100%;\" class=\"slide-201 ms-image \" aria-roledescription=\"slide\" aria-label=\"slide-201\"><img loading=\"lazy\" decoding=\"async\" src=\"http:\/\/adduvfh.cluster029.hosting.ovh.net\/wp-content\/uploads\/2024\/09\/2-700x500.jpg\" height=\"500\" width=\"700\" alt=\"\" class=\"slider-185 slide-201\" title=\"location-mer-plage-gr34-bretagne\" \/><\/li>\n                <li style=\"display: none; width: 100%;\" class=\"slide-196 ms-image \" aria-roledescription=\"slide\" aria-label=\"slide-196\"><img loading=\"lazy\" decoding=\"async\" src=\"http:\/\/adduvfh.cluster029.hosting.ovh.net\/wp-content\/uploads\/2024\/09\/5-scaled-700x500.jpg\" height=\"500\" width=\"700\" alt=\"\" class=\"slider-185 slide-196\" title=\"cap-erquy-frehel-pleneuf-gr34\" \/><\/li>\n                <li style=\"display: none; width: 100%;\" class=\"slide-194 ms-image \" aria-roledescription=\"slide\" aria-label=\"slide-194\"><img loading=\"lazy\" decoding=\"async\" src=\"http:\/\/adduvfh.cluster029.hosting.ovh.net\/wp-content\/uploads\/2024\/09\/3-700x500.jpg\" height=\"500\" width=\"700\" alt=\"\" class=\"slider-185 slide-194\" title=\"location-pleneuf-frehel-gr34\" \/><\/li>\n            <\/ul>\n        <\/div>\n        \n    <\/div>\n<\/div>\n<\/div>\n<\/div>\n\n\n\n<div class=\"wp-block-columns is-layout-flex wp-container-core-columns-is-layout-9d6595d7 wp-block-columns-is-layout-flex\">\n<div class=\"wp-block-column is-layout-flow wp-block-column-is-layout-flow\" style=\"flex-basis:66.66%\"><div id=\"metaslider-id-220\" style=\"max-width: 700px;\" class=\"ml-slider-3-91-0 metaslider metaslider-flex metaslider-220 ml-slider ms-theme-default\" role=\"region\" aria-roledescription=\"Slideshow\" aria-label=\"New Slideshow\">\n    <div id=\"metaslider_container_220\">\n        <div id=\"metaslider_220\">\n            <ul class='slides'>\n                <li style=\"display: block; width: 100%;\" class=\"slide-226 ms-image \" aria-roledescription=\"slide\" aria-label=\"slide-226\"><img loading=\"lazy\" decoding=\"async\" src=\"http:\/\/adduvfh.cluster029.hosting.ovh.net\/wp-content\/uploads\/2024\/09\/10-700x500.jpg\" height=\"500\" width=\"700\" alt=\"\" class=\"slider-220 slide-226\" title=\"cap-erquy-frehel-bretagne-location\" \/><\/li>\n                <li style=\"display: none; width: 100%;\" class=\"slide-229 ms-image \" aria-roledescription=\"slide\" aria-label=\"slide-229\"><img loading=\"lazy\" decoding=\"async\" src=\"http:\/\/adduvfh.cluster029.hosting.ovh.net\/wp-content\/uploads\/2024\/09\/13-700x500.jpg\" height=\"500\" width=\"700\" alt=\"\" class=\"slider-220 slide-229\" title=\"bretagne-maison-caroual\" \/><\/li>\n                <li style=\"display: none; width: 100%;\" class=\"slide-230 ms-image \" aria-roledescription=\"slide\" aria-label=\"slide-230\"><img loading=\"lazy\" decoding=\"async\" src=\"http:\/\/adduvfh.cluster029.hosting.ovh.net\/wp-content\/uploads\/2024\/09\/15-scaled-700x500.jpg\" height=\"500\" width=\"700\" alt=\"\" class=\"slider-220 slide-230\" title=\"caroual-22-location\" \/><\/li>\n                <li style=\"display: none; width: 100%;\" class=\"slide-227 ms-image \" aria-roledescription=\"slide\" aria-label=\"slide-227\"><img loading=\"lazy\" decoding=\"async\" src=\"http:\/\/adduvfh.cluster029.hosting.ovh.net\/wp-content\/uploads\/2024\/09\/11-scaled-700x500.jpg\" height=\"500\" width=\"700\" alt=\"\" class=\"slider-220 slide-227\" title=\"bretagne-location-saison-22\" \/><\/li>\n                <li style=\"display: none; width: 100%;\" class=\"slide-228 ms-image \" aria-roledescription=\"slide\" aria-label=\"slide-228\"><img loading=\"lazy\" decoding=\"async\" src=\"http:\/\/adduvfh.cluster029.hosting.ovh.net\/wp-content\/uploads\/2024\/09\/12-700x500.jpg\" height=\"500\" width=\"700\" alt=\"\" class=\"slider-220 slide-228\" title=\"saisonniere-location-erquy\" \/><\/li>\n            <\/ul>\n        <\/div>\n        \n    <\/div>\n<\/div>\n<\/div>\n\n\n\n<div class=\"wp-block-column is-layout-flow wp-block-column-is-layout-flow\" style=\"flex-basis:33.33%\">\n<p class=\"has-nv-site-bg-color has-text-color has-background has-link-color has-medium-font-size wp-elements-a53b85e61512d02dd1d876b1ae6fbd53\" style=\"background-color:#cad8f6\">Cuisine \u00e9quip\u00e9e<br>Chambre couple (lit 160), Chambre enfants (lits jumeaux 90), salle d&rsquo;eau WC.<br><br><\/p>\n<\/div>\n<\/div>\n\n\n\n<p class=\"has-nv-site-bg-color has-neve-link-hover-color-background-color has-text-color has-background has-link-color wp-elements-1b12441c1165eea7a08cfda76a4b185a\">Lave-linge, Lave-vaisselle, Micro-ondes, frigo avec compartiment conservateur, cafeti\u00e8re et bouilloire \u00e9lectrique, cafeti\u00e8re Nespresso, grille-pain, machine \u00e0 soda; balance \u00e9lectronique, TV , lecteur DVD, s\u00e8che-cheveux, fer \u00e0 repasser, biblioth\u00e8que, vid\u00e9oth\u00e8que, jeux de soci\u00e9t\u00e9.<br>Sur demande, mat\u00e9riel b\u00e9b\u00e9 (gratuit), draps et linge de maison (forfait), Wifi (gratuit).<\/p>\n\n\n\n<div class=\"wp-block-columns is-layout-flex wp-container-core-columns-is-layout-9d6595d7 wp-block-columns-is-layout-flex\">\n<div class=\"wp-block-column is-layout-flow wp-block-column-is-layout-flow\" style=\"flex-basis:33.33%\">\n<p class=\"has-neve-link-color-color has-text-color has-link-color has-medium-font-size wp-elements-2f84836b86efadf405df449ad060ca17\">Terrasse avec table, chaises, barbecue \u00e9lectrique, parasol, salon de jardin.<br>Abri v\u00e9lo, jeux et si\u00e8ges de plage.<br><br><\/p>\n<\/div>\n\n\n\n<div class=\"wp-block-column is-layout-flow wp-block-column-is-layout-flow\" style=\"flex-basis:66.66%\"><div id=\"metaslider-id-238\" style=\"max-width: 700px;\" class=\"ml-slider-3-91-0 metaslider metaslider-flex metaslider-238 ml-slider ms-theme-default\" role=\"region\" aria-roledescription=\"Slideshow\" aria-label=\"New Slideshow\">\n    <div id=\"metaslider_container_238\">\n        <div id=\"metaslider_238\">\n            <ul class='slides'>\n                <li style=\"display: block; width: 100%;\" class=\"slide-249 ms-image \" aria-roledescription=\"slide\" aria-label=\"slide-249\"><img loading=\"lazy\" decoding=\"async\" src=\"http:\/\/adduvfh.cluster029.hosting.ovh.net\/wp-content\/uploads\/2024\/09\/20-scaled-700x500.jpg\" height=\"500\" width=\"700\" alt=\"\" class=\"slider-238 slide-249\" title=\"location-erquy-caroual-\" \/><\/li>\n                <li style=\"display: none; width: 100%;\" class=\"slide-251 ms-image \" aria-roledescription=\"slide\" aria-label=\"slide-251\"><img loading=\"lazy\" decoding=\"async\" src=\"http:\/\/adduvfh.cluster029.hosting.ovh.net\/wp-content\/uploads\/2024\/09\/16-scaled-700x500.jpg\" height=\"500\" width=\"700\" alt=\"\" class=\"slider-238 slide-251\" title=\"mer-particulier-caroual-erquy\" \/><\/li>\n                <li style=\"display: none; width: 100%;\" class=\"slide-246 ms-image \" aria-roledescription=\"slide\" aria-label=\"slide-246\"><img loading=\"lazy\" decoding=\"async\" src=\"http:\/\/adduvfh.cluster029.hosting.ovh.net\/wp-content\/uploads\/2024\/09\/17-scaled-700x500.jpg\" height=\"500\" width=\"700\" alt=\"\" class=\"slider-238 slide-246\" title=\"plage-bretagne-location\" \/><\/li>\n                <li style=\"display: none; width: 100%;\" class=\"slide-248 ms-image \" aria-roledescription=\"slide\" aria-label=\"slide-248\"><img loading=\"lazy\" decoding=\"async\" src=\"http:\/\/adduvfh.cluster029.hosting.ovh.net\/wp-content\/uploads\/2024\/09\/19-scaled-700x500.jpg\" height=\"500\" width=\"700\" alt=\"\" class=\"slider-238 slide-248\" title=\"location-bretagne\" \/><\/li>\n                <li style=\"display: none; width: 100%;\" class=\"slide-250 ms-image \" aria-roledescription=\"slide\" aria-label=\"slide-250\"><img loading=\"lazy\" decoding=\"async\" src=\"http:\/\/adduvfh.cluster029.hosting.ovh.net\/wp-content\/uploads\/2024\/09\/21-scaled-700x500.jpg\" height=\"500\" width=\"700\" alt=\"\" class=\"slider-238 slide-250\" title=\"location-erquy-22-particulier\" \/><\/li>\n                <li style=\"display: none; width: 100%;\" class=\"slide-247 ms-image \" aria-roledescription=\"slide\" aria-label=\"slide-247\"><img loading=\"lazy\" decoding=\"async\" src=\"http:\/\/adduvfh.cluster029.hosting.ovh.net\/wp-content\/uploads\/2024\/09\/18-scaled-700x500.jpg\" height=\"500\" width=\"700\" alt=\"\" class=\"slider-238 slide-247\" title=\"mer-location-erquy\" \/><\/li>\n            <\/ul>\n        <\/div>\n        \n    <\/div>\n<\/div>\n<\/div>\n<\/div>\n\n\n\n<p><\/p>\n","protected":false},"excerpt":{"rendered":"<p>Appartement T3 sur la plage de Caroual \u00e0 Erquy. Acc\u00e8s direct \u00e0 la plage et au GR 3455 m\u00b2 en rez-de-jardin avec terrasse privative et parking r\u00e9serv\u00e9. Un vaste s\u00e9jour&nbsp;&nbsp;pour vous d\u00e9tendre&nbsp;apr\u00e8s&nbsp;les belles journ\u00e9es de \u00ab\u00a0plage\u00a0\u00bb,de p\u00eache\u00a0\u00bb,&nbsp;de \u00ab\u00a0randonn\u00e9e\u00a0\u00bb, de \u00ab\u00a0golf\u00a0\u00bb,de \u00ab\u00a0voile\u00a0\u00bb etc&#8230;. avec fauteuils, canap\u00e9, t\u00e9l\u00e9vision lecteur DVD, magazines et jeux de soci\u00e9t\u00e9s.&nbsp; A moins&hellip;&nbsp;<a href=\"http:\/\/adduvfh.cluster029.hosting.ovh.net\/index.php\/votre-hebergement\/\" class=\"\" rel=\"bookmark\">Lire la suite &raquo;<span class=\"screen-reader-text\">Votre h\u00e9bergement<\/span><\/a><\/p>\n","protected":false},"author":1,"featured_media":0,"parent":0,"menu_order":0,"comment_status":"closed","ping_status":"closed","template":"","meta":{"neve_meta_sidebar":"right","neve_meta_container":"","neve_meta_enable_content_width":"on","neve_meta_content_width":75,"neve_meta_title_alignment":"","neve_meta_author_avatar":"","neve_post_elements_order":"","neve_meta_disable_header":"","neve_meta_disable_footer":"","neve_meta_disable_title":"","footnotes":""},"class_list":["post-179","page","type-page","status-publish","hentry"],"_links":{"self":[{"href":"http:\/\/adduvfh.cluster029.hosting.ovh.net\/index.php\/wp-json\/wp\/v2\/pages\/179","targetHints":{"allow":["GET"]}}],"collection":[{"href":"http:\/\/adduvfh.cluster029.hosting.ovh.net\/index.php\/wp-json\/wp\/v2\/pages"}],"about":[{"href":"http:\/\/adduvfh.cluster029.hosting.ovh.net\/index.php\/wp-json\/wp\/v2\/types\/page"}],"author":[{"embeddable":true,"href":"http:\/\/adduvfh.cluster029.hosting.ovh.net\/index.php\/wp-json\/wp\/v2\/users\/1"}],"replies":[{"embeddable":true,"href":"http:\/\/adduvfh.cluster029.hosting.ovh.net\/index.php\/wp-json\/wp\/v2\/comments?post=179"}],"version-history":[{"count":13,"href":"http:\/\/adduvfh.cluster029.hosting.ovh.net\/index.php\/wp-json\/wp\/v2\/pages\/179\/revisions"}],"predecessor-version":[{"id":309,"href":"http:\/\/adduvfh.cluster029.hosting.ovh.net\/index.php\/wp-json\/wp\/v2\/pages\/179\/revisions\/309"}],"wp:attachment":[{"href":"http:\/\/adduvfh.cluster029.hosting.ovh.net\/index.php\/wp-json\/wp\/v2\/media?parent=179"}],"curies":[{"name":"wp","href":"https:\/\/api.w.org\/{rel}","templated":true}]}}